{"id":450,"date":"2025-05-15T10:38:58","date_gmt":"2025-05-15T10:38:58","guid":{"rendered":"https:\/\/pmccar.pt\/?page_id=450"},"modified":"2025-06-24T13:28:12","modified_gmt":"2025-06-24T13:28:12","slug":"quem-somos","status":"publish","type":"page","link":"https:\/\/pmccar.pt\/index.php\/quem-somos\/","title":{"rendered":"Quem Somos"},"content":{"rendered":"\t\t<div data-elementor-type=\"wp-page\" data-elementor-id=\"450\" class=\"elementor elementor-450\">\n\t\t\t\t<div class=\"elementor-element elementor-element-eda22d1 e-grid e-con-boxed elementor-invisible e-con e-parent\" data-id=\"eda22d1\" data-element_type=\"container\" data-settings=\"{&quot;background_background&quot;:&quot;gradient&quot;,&quot;animation&quot;:&quot;fadeIn&quot;}\">\n\t\t\t\t\t<div class=\"e-con-inner\">\n\t\t\t\t<div class=\"elementor-element elementor-element-f7df591 elementor-widget elementor-widget-image\" data-id=\"f7df591\" data-element_type=\"widget\" data-widget_type=\"image.default\">\n\t\t\t\t<div class=\"elementor-widget-container\">\n\t\t\t\t\t\t\t\t\t\t\t\t\t\t\t<img fetchpriority=\"high\" decoding=\"async\" width=\"500\" height=\"500\" src=\"https:\/\/pmccar.pt\/wp-content\/uploads\/2025\/05\/depositphotos_710837344-stock-photo-gear-key-logo-simple-creative-removebg-preview-3.png\" class=\"attachment-large size-large wp-image-279\" alt=\"\" srcset=\"https:\/\/pmccar.pt\/wp-content\/uploads\/2025\/05\/depositphotos_710837344-stock-photo-gear-key-logo-simple-creative-removebg-preview-3.png 500w, https:\/\/pmccar.pt\/wp-content\/uploads\/2025\/05\/depositphotos_710837344-stock-photo-gear-key-logo-simple-creative-removebg-preview-3-300x300.png 300w, https:\/\/pmccar.pt\/wp-content\/uploads\/2025\/05\/depositphotos_710837344-stock-photo-gear-key-logo-simple-creative-removebg-preview-3-100x100.png 100w, https:\/\/pmccar.pt\/wp-content\/uploads\/2025\/05\/depositphotos_710837344-stock-photo-gear-key-logo-simple-creative-removebg-preview-3-150x150.png 150w\" sizes=\"(max-width: 500px) 100vw, 500px\" \/>\t\t\t\t\t\t\t\t\t\t\t\t\t\t\t<\/div>\n\t\t\t\t<\/div>\n\t\t\t\t<div class=\"elementor-element elementor-element-d992c1a elementor-widget elementor-widget-image\" data-id=\"d992c1a\" data-element_type=\"widget\" data-widget_type=\"image.default\">\n\t\t\t\t<div class=\"elementor-widget-container\">\n\t\t\t\t\t\t\t\t\t\t\t\t\t\t\t<img decoding=\"async\" width=\"500\" height=\"500\" src=\"https:\/\/pmccar.pt\/wp-content\/uploads\/2025\/05\/tire-track-sticker-cartoon-tired_585137_wh860-removebg-preview-1.png\" class=\"attachment-large size-large wp-image-276\" alt=\"\" srcset=\"https:\/\/pmccar.pt\/wp-content\/uploads\/2025\/05\/tire-track-sticker-cartoon-tired_585137_wh860-removebg-preview-1.png 500w, https:\/\/pmccar.pt\/wp-content\/uploads\/2025\/05\/tire-track-sticker-cartoon-tired_585137_wh860-removebg-preview-1-300x300.png 300w, https:\/\/pmccar.pt\/wp-content\/uploads\/2025\/05\/tire-track-sticker-cartoon-tired_585137_wh860-removebg-preview-1-100x100.png 100w, https:\/\/pmccar.pt\/wp-content\/uploads\/2025\/05\/tire-track-sticker-cartoon-tired_585137_wh860-removebg-preview-1-150x150.png 150w\" sizes=\"(max-width: 500px) 100vw, 500px\" \/>\t\t\t\t\t\t\t\t\t\t\t\t\t\t\t<\/div>\n\t\t\t\t<\/div>\n\t\t\t\t<div class=\"elementor-element elementor-element-da0a3fa elementor-widget elementor-widget-image\" data-id=\"da0a3fa\" data-element_type=\"widget\" data-widget_type=\"image.default\">\n\t\t\t\t<div class=\"elementor-widget-container\">\n\t\t\t\t\t\t\t\t\t\t\t\t\t\t\t<img decoding=\"async\" width=\"1005\" height=\"1024\" src=\"https:\/\/pmccar.pt\/wp-content\/uploads\/2025\/05\/2025-05-15-16_31_51-Window_LE_upscale_balanced_x4-1005x1024.jpg\" class=\"attachment-large size-large wp-image-526\" alt=\"\" srcset=\"https:\/\/pmccar.pt\/wp-content\/uploads\/2025\/05\/2025-05-15-16_31_51-Window_LE_upscale_balanced_x4-1005x1024.jpg 1005w, https:\/\/pmccar.pt\/wp-content\/uploads\/2025\/05\/2025-05-15-16_31_51-Window_LE_upscale_balanced_x4-295x300.jpg 295w, https:\/\/pmccar.pt\/wp-content\/uploads\/2025\/05\/2025-05-15-16_31_51-Window_LE_upscale_balanced_x4-768x782.jpg 768w, https:\/\/pmccar.pt\/wp-content\/uploads\/2025\/05\/2025-05-15-16_31_51-Window_LE_upscale_balanced_x4-600x611.jpg 600w, https:\/\/pmccar.pt\/wp-content\/uploads\/2025\/05\/2025-05-15-16_31_51-Window_LE_upscale_balanced_x4.jpg 1244w\" sizes=\"(max-width: 1005px) 100vw, 1005px\" \/>\t\t\t\t\t\t\t\t\t\t\t\t\t\t\t<\/div>\n\t\t\t\t<\/div>\n\t\t\t\t<div class=\"elementor-element elementor-element-bc61d38 elementor-widget elementor-widget-heading\" data-id=\"bc61d38\" data-element_type=\"widget\" data-widget_type=\"heading.default\">\n\t\t\t\t<div class=\"elementor-widget-container\">\n\t\t\t\t\t<h4 class=\"elementor-heading-title elementor-size-default\">Mec\u00e2nico<br><span style=\"color: rgb(0, 0, 0); font-size: calc(0.60rem + 0.3vw);\">Dispomos de oficina pr\u00f3pria equipada com as mais recentes tecnologias.<\/span><\/h4>\t\t\t\t<\/div>\n\t\t\t\t<\/div>\n\t\t\t\t<div class=\"elementor-element elementor-element-9e041fa elementor-widget elementor-widget-heading\" data-id=\"9e041fa\" data-element_type=\"widget\" data-widget_type=\"heading.default\">\n\t\t\t\t<div class=\"elementor-widget-container\">\n\t\t\t\t\t<h4 class=\"elementor-heading-title elementor-size-default\">Pneus<br><span style=\"color: rgb(0, 0, 0); font-size: calc(0.60rem + 0.3vw);\">Todas as nossa viaturas s\u00e3o revistas ao n\u00edvel dos pneum\u00e1ticos para que os nossos clientes se sintam sempre confiantes.<\/span><\/h4>\t\t\t\t<\/div>\n\t\t\t\t<\/div>\n\t\t\t\t<div class=\"elementor-element elementor-element-a32ca81 elementor-widget elementor-widget-heading\" data-id=\"a32ca81\" data-element_type=\"widget\" data-widget_type=\"heading.default\">\n\t\t\t\t<div class=\"elementor-widget-container\">\n\t\t\t\t\t<h4 class=\"elementor-heading-title elementor-size-default\">Flu\u00eddos<br><span style=\"color: rgb(0, 0, 0); font-size: calc(0.60rem + 0.3vw);\">Todas as nossa viaturas s\u00e3o revisionadas e s\u00e3o efetuadas mudan\u00e7as de \u00f3leos e filtros.\n<\/p><\/h4>\t\t\t\t<\/div>\n\t\t\t\t<\/div>\n\t\t\t\t\t<\/div>\n\t\t\t\t<\/div>\n\t\t<div class=\"elementor-element elementor-element-eN5oZ82 e-con-full e-flex e-con e-parent\" data-id=\"eN5oZ82\" data-element_type=\"container\" data-settings=\"{&quot;background_background&quot;:&quot;classic&quot;,&quot;shape_divider_bottom&quot;:&quot;opacity-tilt&quot;}\">\n\t\t\t\t<div class=\"elementor-shape elementor-shape-bottom\" data-negative=\"false\">\n\t\t\t<svg xmlns=\"http:\/\/www.w3.org\/2000\/svg\" viewBox=\"0 0 2600 131.1\" preserveAspectRatio=\"none\">\n\t<path class=\"elementor-shape-fill\" d=\"M0 0L2600 0 2600 69.1 0 0z\"\/>\n\t<path class=\"elementor-shape-fill\" style=\"opacity:0.5\" d=\"M0 0L2600 0 2600 69.1 0 69.1z\"\/>\n\t<path class=\"elementor-shape-fill\" style=\"opacity:0.25\" d=\"M2600 0L0 0 0 130.1 2600 69.1z\"\/>\n<\/svg>\t\t<\/div>\n\t\t<div class=\"elementor-element elementor-element-zzBhL01 e-con-full e-flex e-con e-child\" data-id=\"zzBhL01\" data-element_type=\"container\">\n\t\t\t\t<div class=\"elementor-element elementor-element-mttOt7t elementor-widget elementor-widget-heading\" data-id=\"mttOt7t\" data-element_type=\"widget\" data-widget_type=\"heading.default\">\n\t\t\t\t<div class=\"elementor-widget-container\">\n\t\t\t\t\t<h5 class=\"elementor-heading-title elementor-size-default\">Os rostos da nosso empresa<br><\/h5>\t\t\t\t<\/div>\n\t\t\t\t<\/div>\n\t\t\t\t<div class=\"elementor-element elementor-element-fcb038b elementor-widget elementor-widget-image\" data-id=\"fcb038b\" data-element_type=\"widget\" data-widget_type=\"image.default\">\n\t\t\t\t<div class=\"elementor-widget-container\">\n\t\t\t\t\t\t\t\t\t\t\t\t\t\t\t<img loading=\"lazy\" decoding=\"async\" width=\"150\" height=\"150\" src=\"https:\/\/pmccar.pt\/wp-content\/uploads\/2025\/05\/2025-05-19-13_53_58-Presentation1-PowerPoint-150x150.png\" class=\"attachment-thumbnail size-thumbnail wp-image-576\" alt=\"\" srcset=\"https:\/\/pmccar.pt\/wp-content\/uploads\/2025\/05\/2025-05-19-13_53_58-Presentation1-PowerPoint-150x150.png 150w, https:\/\/pmccar.pt\/wp-content\/uploads\/2025\/05\/2025-05-19-13_53_58-Presentation1-PowerPoint-100x100.png 100w\" sizes=\"(max-width: 150px) 100vw, 150px\" \/>\t\t\t\t\t\t\t\t\t\t\t\t\t\t\t<\/div>\n\t\t\t\t<\/div>\n\t\t\t\t<\/div>\n\t\t<div class=\"elementor-element elementor-element-KZSLl56 e-con-full e-flex e-con e-child\" data-id=\"KZSLl56\" data-element_type=\"container\">\n\t\t\t\t<div class=\"elementor-element elementor-element-8nIMMiQ elementor-widget elementor-widget-text-editor\" data-id=\"8nIMMiQ\" data-element_type=\"widget\" data-widget_type=\"text-editor.default\">\n\t\t\t\t<div class=\"elementor-widget-container\">\n\t\t\t\t\t\t\t\t\t<p>Sendo uma empresa com longa experi\u00eancia no ramo autom\u00f3vel, a PMC CAR trabalha diariamente para oferecer aos seus clientes as melhores viaturas aos melhores pre\u00e7os. Para isso todos os nossos carros passam por uma rigorosa sele\u00e7\u00e3o seguindo os mais elevados padr\u00f5es do fabricante.<br \/>Dispomos ainda de oficina pr\u00f3pria com um vasto leque de recursos, onde cada viatura \u00e9 submetida a um abrangente processo de inspe\u00e7\u00e3o e revis\u00e3o antes de chegar ao concession\u00e1rio de venda.<br \/>Somos ainda intermedi\u00e1rios de cr\u00e9dito n\u00e3o exclusivos a titulo acess\u00f3rio n\u00ba0004499, tendo parcerias com v\u00e1rias institui\u00e7\u00f5es banc\u00e1rias e executando todo o processo de cr\u00e9dito.<\/p>\t\t\t\t\t\t\t\t<\/div>\n\t\t\t\t<\/div>\n\t\t\t\t<div class=\"elementor-element elementor-element-afOqOsR elementor-icon-list--layout-traditional elementor-list-item-link-full_width elementor-widget elementor-widget-icon-list\" data-id=\"afOqOsR\" data-element_type=\"widget\" data-widget_type=\"icon-list.default\">\n\t\t\t\t<div class=\"elementor-widget-container\">\n\t\t\t\t\t\t\t<ul class=\"elementor-icon-list-items\">\n\t\t\t\t\t\t\t<li class=\"elementor-icon-list-item\">\n\t\t\t\t\t\t\t\t\t\t<span class=\"elementor-icon-list-text\"><\/span>\n\t\t\t\t\t\t\t\t\t<\/li>\n\t\t\t\t\t\t<\/ul>\n\t\t\t\t\t\t<\/div>\n\t\t\t\t<\/div>\n\t\t\t\t<\/div>\n\t\t\t\t<\/div>\n\t\t<div class=\"elementor-element elementor-element-243d32d e-grid e-con-boxed e-con e-parent\" data-id=\"243d32d\" data-element_type=\"container\" data-settings=\"{&quot;shape_divider_top&quot;:&quot;clouds&quot;}\">\n\t\t\t\t\t<div class=\"e-con-inner\">\n\t\t\t\t<div class=\"elementor-shape elementor-shape-top\" data-negative=\"false\">\n\t\t\t<svg xmlns=\"http:\/\/www.w3.org\/2000\/svg\" viewBox=\"0 0 283.5 27.8\" preserveAspectRatio=\"xMidYMax slice\">\n  <path class=\"elementor-shape-fill\" d=\"M0 0v6.7c1.9-.8 4.7-1.4 8.5-1 9.5 1.1 11.1 6 11.1 6s2.1-.7 4.3-.2c2.1.5 2.8 2.6 2.8 2.6s.2-.5 1.4-.7c1.2-.2 1.7.2 1.7.2s0-2.1 1.9-2.8c1.9-.7 3.6.7 3.6.7s.7-2.9 3.1-4.1 4.7 0 4.7 0 1.2-.5 2.4 0 1.7 1.4 1.7 1.4h1.4c.7 0 1.2.7 1.2.7s.8-1.8 4-2.2c3.5-.4 5.3 2.4 6.2 4.4.4-.4 1-.7 1.8-.9 2.8-.7 4 .7 4 .7s1.7-5 11.1-6c9.5-1.1 12.3 3.9 12.3 3.9s1.2-4.8 5.7-5.7c4.5-.9 6.8 1.8 6.8 1.8s.6-.6 1.5-.9c.9-.2 1.9-.2 1.9-.2s5.2-6.4 12.6-3.3c7.3 3.1 4.7 9 4.7 9s1.9-.9 4 0 2.8 2.4 2.8 2.4 1.9-1.2 4.5-1.2 4.3 1.2 4.3 1.2.2-1 1.4-1.7 2.1-.7 2.1-.7-.5-3.1 2.1-5.5 5.7-1.4 5.7-1.4 1.5-2.3 4.2-1.1c2.7 1.2 1.7 5.2 1.7 5.2s.3-.1 1.3.5c.5.4.8.8.9 1.1.5-1.4 2.4-5.8 8.4-4 7.1 2.1 3.5 8.9 3.5 8.9s.8-.4 2 0 1.1 1.1 1.1 1.1 1.1-1.1 2.3-1.1 2.1.5 2.1.5 1.9-3.6 6.2-1.2 1.9 6.4 1.9 6.4 2.6-2.4 7.4 0c3.4 1.7 3.9 4.9 3.9 4.9s3.3-6.9 10.4-7.9 11.5 2.6 11.5 2.6.8 0 1.2.2c.4.2.9.9.9.9s4.4-3.1 8.3.2c1.9 1.7 1.5 5 1.5 5s.3-1.1 1.6-1.4c1.3-.3 2.3.2 2.3.2s-.1-1.2.5-1.9 1.9-.9 1.9-.9-4.7-9.3 4.4-13.4c5.6-2.5 9.2.9 9.2.9s5-6.2 15.9-6.2 16.1 8.1 16.1 8.1.7-.2 1.6-.4V0H0z\"\/>\n<\/svg>\n\t\t<\/div>\n\t\t\t\t<div class=\"elementor-element elementor-element-beef3aa elementor-widget elementor-widget-image\" data-id=\"beef3aa\" data-element_type=\"widget\" data-widget_type=\"image.default\">\n\t\t\t\t<div class=\"elementor-widget-container\">\n\t\t\t\t\t\t\t\t\t\t\t\t\t\t\t<img loading=\"lazy\" decoding=\"async\" width=\"310\" height=\"262\" src=\"https:\/\/pmccar.pt\/wp-content\/uploads\/2025\/05\/2025-05-19-13_28_30-Presentation1-PowerPoint.png\" class=\"attachment-medium_large size-medium_large wp-image-561\" alt=\"\" srcset=\"https:\/\/pmccar.pt\/wp-content\/uploads\/2025\/05\/2025-05-19-13_28_30-Presentation1-PowerPoint.png 310w, https:\/\/pmccar.pt\/wp-content\/uploads\/2025\/05\/2025-05-19-13_28_30-Presentation1-PowerPoint-300x254.png 300w\" sizes=\"(max-width: 310px) 100vw, 310px\" \/>\t\t\t\t\t\t\t\t\t\t\t\t\t\t\t<\/div>\n\t\t\t\t<\/div>\n\t\t\t\t<div class=\"elementor-element elementor-element-33c0955 elementor-widget elementor-widget-image\" data-id=\"33c0955\" data-element_type=\"widget\" data-widget_type=\"image.default\">\n\t\t\t\t<div class=\"elementor-widget-container\">\n\t\t\t\t\t\t\t\t\t\t\t\t\t\t\t<img loading=\"lazy\" decoding=\"async\" width=\"309\" height=\"262\" src=\"https:\/\/pmccar.pt\/wp-content\/uploads\/2025\/05\/2025-05-19-13_29_45-Presentation1-PowerPoint.png\" class=\"attachment-large size-large wp-image-562\" alt=\"\" srcset=\"https:\/\/pmccar.pt\/wp-content\/uploads\/2025\/05\/2025-05-19-13_29_45-Presentation1-PowerPoint.png 309w, https:\/\/pmccar.pt\/wp-content\/uploads\/2025\/05\/2025-05-19-13_29_45-Presentation1-PowerPoint-300x254.png 300w\" sizes=\"(max-width: 309px) 100vw, 309px\" \/>\t\t\t\t\t\t\t\t\t\t\t\t\t\t\t<\/div>\n\t\t\t\t<\/div>\n\t\t\t\t<div class=\"elementor-element elementor-element-5be333a elementor-widget elementor-widget-image\" data-id=\"5be333a\" data-element_type=\"widget\" data-widget_type=\"image.default\">\n\t\t\t\t<div class=\"elementor-widget-container\">\n\t\t\t\t\t\t\t\t\t\t\t\t\t\t\t<img loading=\"lazy\" decoding=\"async\" width=\"310\" height=\"263\" src=\"https:\/\/pmccar.pt\/wp-content\/uploads\/2025\/05\/2025-05-19-13_31_23-Presentation1-PowerPoint.png\" class=\"attachment-large size-large wp-image-563\" alt=\"\" srcset=\"https:\/\/pmccar.pt\/wp-content\/uploads\/2025\/05\/2025-05-19-13_31_23-Presentation1-PowerPoint.png 310w, https:\/\/pmccar.pt\/wp-content\/uploads\/2025\/05\/2025-05-19-13_31_23-Presentation1-PowerPoint-300x255.png 300w\" sizes=\"(max-width: 310px) 100vw, 310px\" \/>\t\t\t\t\t\t\t\t\t\t\t\t\t\t\t<\/div>\n\t\t\t\t<\/div>\n\t\t\t\t\t<\/div>\n\t\t\t\t<\/div>\n\t\t<div class=\"elementor-element elementor-element-33d74a6 e-grid e-con-boxed e-con e-parent\" data-id=\"33d74a6\" data-element_type=\"container\">\n\t\t\t\t\t<div class=\"e-con-inner\">\n\t\t\t\t<div class=\"elementor-element elementor-element-2a82a53 elementor-widget elementor-widget-text-editor\" data-id=\"2a82a53\" data-element_type=\"widget\" data-widget_type=\"text-editor.default\">\n\t\t\t\t<div class=\"elementor-widget-container\">\n\t\t\t\t\t\t\t\t\t<p><b>\u00a0 \u00a0 \u00a0 \u00a0 \u00a0 \u00a0 \u00a0 \u00a0 \u00a0 \u00a0 \u00a0 \u00a0 \u00a0 \u00a0 \u00a0 \u00a0 \u00a0 \u00a0 \u00a0 \u00a0 \u00a0 Martinho Nunes<br \/><\/b><\/p><p>Respons\u00e1vel pela prepara\u00e7\u00e3o das viaturas a n\u00edvel mec\u00e2nico e t\u00e9cnico. Com uma vasta experi\u00eancia no ramo autom\u00f3vel.\u00a0<\/p>\t\t\t\t\t\t\t\t<\/div>\n\t\t\t\t<\/div>\n\t\t\t\t<div class=\"elementor-element elementor-element-3debd8c elementor-widget elementor-widget-text-editor\" data-id=\"3debd8c\" data-element_type=\"widget\" data-widget_type=\"text-editor.default\">\n\t\t\t\t<div class=\"elementor-widget-container\">\n\t\t\t\t\t\t\t\t\t<p style=\"text-align: left;\">\u00a0 \u00a0 \u00a0 \u00a0 \u00a0 \u00a0 \u00a0 \u00a0 \u00a0 \u00a0 \u00a0 \u00a0 \u00a0 \u00a0 \u00a0 \u00a0 \u00a0 \u00a0 \u00a0 \u00a0 \u00a0 \u00a0 \u00a0 \u00a0<b>Catarina Torrado\u00a0 \u00a0 <\/b><\/p><p style=\"text-align: left;\">Respons\u00e1vel pela parte administrativa da empresa, tamb\u00e9m ela com uma larga experi\u00eancia no ramo autom\u00f3vel.\u00a0<\/p>\t\t\t\t\t\t\t\t<\/div>\n\t\t\t\t<\/div>\n\t\t\t\t<div class=\"elementor-element elementor-element-c0c927d elementor-widget elementor-widget-text-editor\" data-id=\"c0c927d\" data-element_type=\"widget\" data-widget_type=\"text-editor.default\">\n\t\t\t\t<div class=\"elementor-widget-container\">\n\t\t\t\t\t\t\t\t\t<p><b>\u00a0 \u00a0 \u00a0 \u00a0 \u00a0 \u00a0 \u00a0 \u00a0 \u00a0 \u00a0 \u00a0 \u00a0 \u00a0 \u00a0 \u00a0 \u00a0 \u00a0 \u00a0 \u00a0 \u00a0 \u00a0 \u00a0 \u00a0 \u00a0 \u00a0 Pedro Nunes\u00a0 \u00a0 <\/b><\/p><p>Este \u00e9 o mais jovem membro da equipa, ele tem a seu cargo o departamento de marketing e a comunica\u00e7\u00e3o digital.<\/p>\t\t\t\t\t\t\t\t<\/div>\n\t\t\t\t<\/div>\n\t\t\t\t\t<\/div>\n\t\t\t\t<\/div>\n\t\t\t\t<\/div>\n\t\t","protected":false},"excerpt":{"rendered":"<p>Mec\u00e2nicoDispomos de oficina pr\u00f3pria equipada com as mais recentes tecnologias. PneusTodas as nossa viaturas s\u00e3o [&hellip;]<\/p>\n","protected":false},"author":1,"featured_media":0,"parent":0,"menu_order":0,"comment_status":"closed","ping_status":"closed","template":"","meta":{"_regular_price":[],"currency_symbol":[],"footnotes":""},"class_list":["post-450","page","type-page","status-publish","hentry"],"post_slider_layout_featured_media_urls":{"thumbnail":"","post_slider_layout_landscape_large":"","post_slider_layout_portrait_large":"","post_slider_layout_square_large":"","post_slider_layout_landscape":"","post_slider_layout_portrait":"","post_slider_layout_square":"","full":""},"_links":{"self":[{"href":"https:\/\/pmccar.pt\/index.php\/wp-json\/wp\/v2\/pages\/450"}],"collection":[{"href":"https:\/\/pmccar.pt\/index.php\/wp-json\/wp\/v2\/pages"}],"about":[{"href":"https:\/\/pmccar.pt\/index.php\/wp-json\/wp\/v2\/types\/page"}],"author":[{"embeddable":true,"href":"https:\/\/pmccar.pt\/index.php\/wp-json\/wp\/v2\/users\/1"}],"replies":[{"embeddable":true,"href":"https:\/\/pmccar.pt\/index.php\/wp-json\/wp\/v2\/comments?post=450"}],"version-history":[{"count":97,"href":"https:\/\/pmccar.pt\/index.php\/wp-json\/wp\/v2\/pages\/450\/revisions"}],"predecessor-version":[{"id":1283,"href":"https:\/\/pmccar.pt\/index.php\/wp-json\/wp\/v2\/pages\/450\/revisions\/1283"}],"wp:attachment":[{"href":"https:\/\/pmccar.pt\/index.php\/wp-json\/wp\/v2\/media?parent=450"}],"curies":[{"name":"wp","href":"https:\/\/api.w.org\/{rel}","templated":true}]}}